4. What is the tens digit of m(-3)?
0
Let l = -177 - -180. Suppose -4*b + 28 = -l*b - k, 2*k = -5*b + 147. What is the tens digit of b?
2
Suppose -5*t + t + g = -29, -4*g = -3*t + 12. Let q(x) = 2*x - 14. Let b be q(t). Let o = 1 + b. What is the units digit of o?
3
Let s = 18 + 35. Let h = s + -39. What is the units digit of h?
4
Let j be ((-80)/(-50))/(8/(-20)). What is the units digit of ((-1)/j)/(-1) + (-69210)/(-72)?
1
Suppose 18439 = 3*i + 2*b, 4*b + 18 = 14. What is the units digit of i?
7
Let x be ((-33)/9 - -1)*-12. Let d = x + -30. Suppose 3*f - 11 + d = 0. What is the units digit of f?
3
Suppose -2436 = -3*w - 171. Suppose -115*i - v = -117*i + 6, 0 = v + 2. Suppose 5*y = -i*l + 7*l - w, 599 = 4*l - 5*y. What is the hundreds digit of l?
1
Let w(l) = l**3 - 45*l**2 - 56*l - 67. What is the units digit of w(48)?
7
Suppose -4*g + 88056 = -2*a, 1986*a = 4*g + 1982*a - 88056. What is the hundreds digit of g?
0
Let a(h) = -15*h + 154. Let x be a(10). Suppose -2*q + 7*s = x*s - 1290, -s + 2594 = 4*q. What is the tens digit of q?
4
Let f(a) = -a**3 + 15*a**2 + 11*a - 9. Let s be f(12). What is the units digit of (6 - -1) + -13 + s?
9
Let u = 86 - 16. Let v = u + -67. Suppose 5*g - 4*k = 201 + 769, -4*k + 582 = v*g. What is the units digit of g?
4
Let i(n) = 1140*n**2 - 30*n - 115. What is the ten thousands digit of i(-4)?
1
Let m = 11763 - 6835. What is the units digit of m?
8
Let q = -227 + 116. Let h(j) = -125*j. Let d be h(-2). Let k = d + q. What is the tens digit of k?
3
Let h = 2088 + -743. What is the hundreds digit of h?
3
Let w = -62 - -74. Suppose -w*q + 19 = 7. What is the hundreds digit of 7*q*850/35?
1
Suppose -c = 14*c - 5700. Suppose -c = 3*g - 4*g - 4*h, 5*g - 1875 = 5*h. What is the units digit of g?
6
Let w(s) = -9 - 4 + 5 - 3*s - 7. Let k be w(-6). Suppose -5*o + 111 + 26 = k*t, -o = -2*t - 30. What is the units digit of o?
8
Let c = 427 - 415. Suppose 0 = 20*y + c*y - 12512. What is the tens digit of y?
9
Suppose 20*n = 10*n - 570. Let y = n + 61. Suppose 0 = 5*q + y*l - 930, 5*q + 4*l - 2*l - 930 = 0. What is the units digit of q?
6
Let c(d) = -d**2 + 269*d + 976. What is the ten thousands digit of c(93)?
1
Let j = -55 - -60. Suppose -3*k + 31 = m - 3*m, -j*m = -k + 32. What is the tens digit of (-202)/(-7) - (-1)/k?
2
Let o = -59 - -90. Let y = -1648 + 1622. Let h = o + y. What is the units digit of h?
5
Let n be 2/(1/((-204)/8)). Let l = n - -53. Suppose 89 + 277 = l*u. What is the units digit of u?
3
Let b be (-4)/(-10) - (-14247)/45. Let p = 563 - b. What is the hundreds digit of p?
2
Suppose -3400 - 3360 = -4*t + 4*y, 3380 = 2*t - y. What is the units digit of t?
0
Let y = -492 + 459. Let v(c) = 2*c**2 + 53*c + 251. What is the hundreds digit of v(y)?
6
Suppose -850 = -13*s + 12*s. Let n = -594 + s. Let d = n + -72. What is the tens digit of d?
8
Suppose -3*s - 1095 = 3*y + s, 0 = y - 2*s + 375. Let r = -48 - y. What is the tens digit of r?
2
Let f = 234 + -256. What is the hundreds digit of (-92)/(-506) + (-7564)/f + 1?
3
Suppose -7*c = -18*c + 16280. What is the tens digit of 1*17/(34/c)?
4
Let p(l) = 4*l**2 + 14*l + 6. Suppose -509*m = -507*m - 18. What is the tens digit of p(m)?
5
Suppose 5*s + 0*s = -95. Let x = -20 - s. What is the units digit of (-3 - (-1 + x)) + (-96)/(-1)?
5
Let i be 13/(-26) - (-1)/2. Suppose -2 = 2*s - i. What is the units digit of (s - (-4)/6)/((-3)/513)?
7
Let l = -9958 - -14775. What is the tens digit of l?
1
Suppose -50 = -9*b + 49. Suppose 5*z = 10, 2*f - b*z - 1198 = -12*z. What is the hundreds digit of f?
5
Suppose y + 14 = i, 3*y - 6*y = -5*i + 52. Let f = 25 + y. Suppose f*b + 31 = 17*b. What is the tens digit of b?
3
What is the thousands digit of (-3 - -1) + (94/141)/((-2)/(-38235))?
2
Let j = -177 + 172. Let s(z) = 22*z**2 + 25*z - 7. What is the tens digit of s(j)?
1
Let u(p) = 10*p**3 - 10*p**2 + 10*p - 184. What is the thousands digit of u(9)?
6
Let a = -3472 + 8618. What is the tens digit of a?
4
Let m be (1 + -13*50)*(0 - 1). Let l = m + -191. What is the tens digit of l?
5
Let y = 17276 + -5840. What is the units digit of y?
6
Let k(u) = -3*u**2 + 2*u + 10. Let c be k(0). Let x(p) = -p**3 + 13*p**2 - 7*p - 25. What is the units digit of x(c)?
5
Suppose 4*k - 11 = 1. Suppose g = k*b + 583, -5*b + 0*g = -2*g + 972. Let m = b - -291. What is the units digit of m?
7
Let b(l) = -5*l**2 - 5*l + 50. Let g(j) = -4*j**2 - 4*j + 51. Let m(f) = -4*b(f) + 3*g(f). What is the hundreds digit of m(6)?
2
Let v = -79 - -222. Let k(d) = -v + 153 - 8*d - 12*d. What is the units digit of k(-3)?
0
Suppose -28*w + 29311 = -12829. What is the tens digit of w?
0
Suppose -3132 - 809 = -7*j. What is the hundreds digit of j?
5
What is the tens digit of (-2467530)/(-1890) - 3/(-7)?
0
Suppose 16*y = 15*y + 180. What is the hundreds digit of (-9)/y*-3022 + (-2)/20?
1
Let l = 24640 - 14111. What is the thousands digit of l?
0
What is the units digit of -11*76*(-6743)/242?
4
Suppose 3*b - 2*d - 1 = 3*d, -5*b + 4*d = 7. What is the tens digit of (-4)/(16/b) + (-29538)/(-72)?
1
Suppose 0 = 6*f + 22*f - 204708. What is the tens digit of f?
1
Let f = -4690 - -4799. What is the tens digit of f?
0
Let g = 625 - 385. Suppose g = -0*s + 4*s. Suppose 4*n + 4*x = s, 0 = 2*n + x - 5*x. What is the tens digit of n?
1
Let o(v) = v**3 - 16*v**2 - 6*v - 4. Let n(j) = 16*j**2 + 6*j + 5. Let w(c) = 2*n(c) + 3*o(c). Let p be w(5). Let d = p - -93. What is the units digit of d?
6
Suppose -57 = 3*w + 81. Let h = w + 121. Suppose 20*i - 15*i = h. What is the units digit of i?
5
Let g = -23368 + 40864. What is the units digit of g?
6
Suppose 2*n + 3 = -v - 2*n, -20 = -2*v + 5*n. Let l be 15/v - (0 + 0). What is the hundreds digit of (-10 - -7)*(-128)/l - -2?
1
Let l = -74 + 238. Suppose 61 = 3*f - l. Suppose 4*a - 258 = -u, a + 5*u = 2*a - f. What is the units digit of a?
5
Let v(z) = -z**3 - 13*z**2 + 15*z + 22. Let y be v(-14). What is the tens digit of (-1)/y + 6085/40?
5
Let j = 88 - 81. Suppose -6*d - j = -37. Suppose d*c = 4*c + 60. What is the units digit of c?
0
Suppose 6*a = -a. Suppose a*y - 3*y = 4*i - 911, -3*y = -5*i - 920. What is the tens digit of y?
0
Suppose 16*a - 6*a + 19*a - 808201 = 0. What is the thousands digit of a?
7
Suppose 5*x - p = 319990, 5*x - 125580 = 11*p + 194360. What is the thousands digit of x?
3
Let o(t) = 3*t + 2. Let b be o(0). Suppose -2*d = -6*d + 12, 0 = -2*s + b*d + 8. Let h(y) = 2*y - 13. What is the units digit of h(s)?
1
Let b(l) = -3*l**2 + 18*l - 9. Let m be b(5). What is the units digit of (80346/m)/(-7)*-1?
3
Let m(u) = u**3 + 17*u**2 - 4*u + 101. Let l be m(-10). Suppose 3*r - 299 - l = 0. What is the tens digit of r?
8
Let c be (-1 + -2)*((-2168)/12 - -2). Suppose -4*r - 5*u + 1177 + c = 0, -5*u = 5*r - 2145. What is the hundreds digit of r?
4
Let a(l) = 18*l**2 + 127*l - 261. What is the hundreds digit of a(16)?
3
Suppose -9*y - 430 = -1780. Suppose 5*r - y - 218 = -2*p, 4*p - 218 = -3*r. What is the units digit of r?
4
Let m = 70 + -67. Suppose -5*o + 11 = -2*r - 10, -3*r = 4*o - m. Let t(v) = -7*v**3 - v**2 + 2*v + 2. What is the units digit of t(r)?
6
Suppose -3*a = -w - 12, -3*w + 9 = -0*w. Suppose d + 5*t - 40 = 0, 3*t = -a*d + 218 + 70. What is the tens digit of d?
6
Suppose -168*k = -4170965 - 7313116 - 1867047. What is the ten thousands digit of k?
7
Suppose -5*h + 4*h = 0. Suppose b - 3 = h, 4*b - 828 = -d - 308. What is the tens digit of (-2)/(-4) - d/(-8)?
6
Let a(z) = -z**3 + 7*z**2 + 5*z - 8. Let u be a(6). Let n = 65 - u. Suppose -2*p - 2*b + 258 = 0, -4*b = n*p - 2*p - 645. What is the hundreds digit of p?
1
Suppose -6*r + 5*r + 3*v + 4 = 0, -3*r - 5*v + 12 = 0. Suppose w - 4*w = r*l - 297, l + w - 75 = 0. Suppose -4*a = -10*a + l. What is the units digit of a?
2
Let l be 16/(-20) + (-720)/(-25). Suppose 0 = -c + 58 + l. What is the tens digit of c?
8
Let a(q) = q**2 - 13*q + 10. Let k be a(13). Let j be ((-5)/k)/(2/(-164)). Let u = 91 - j. What is the units digit of u?
0
Suppose -3*k + 0*k = -5*s + 45, -2 = -k - 4*s. What is the units digit of (3303/(-6) - -8)*8/k?
4
Let l(n) = -4268*n + 559. What is the hundreds digit of l(-5)?
8
Suppose 5*i + k = -31495 + 184901, 3*i - 2*k = 92041. What is the thousands digit of i?
0
Let k = 5019 - 1893. Suppose 2*